6855 = -19*h + 5717. Calculate the greatest common factor of h and 528.
132
Let j be (-9252)/(-30) + (-6)/15. Let l = -303 + j. Suppose 35 = 5*s + 10. What is the greatest common divisor of l and s?
5
Let r be (-128)/6*(-3153)/4204. Let q(g) = 11*g + 2. Let v be q(6). What is the greatest common divisor of v and r?
4
Let w(m) = m**3 + 35*m**2 + 105*m + 320. Let p be w(-32). What is the highest common factor of p and 98?
2
Suppose 46*n + 6*b + 6742 = 48*n, -2*b = 4*n - 13512. What is the greatest common factor of n and 22?
11
Let x = -32 + 37. Let k(h) = -2*h**2 + 10*h - 16. Let u be k(x). Let f be (3 - 3/((-12)/(-14)))*u. What is the greatest common divisor of f and 4?
4
Let x(t) = -3*t**3 + 4*t**2 + 5*t - 4. Let u be x(-3). Suppose -n = -4*n + 168. Calculate the highest common divisor of u and n.
14
Let u = -423 + 407. Let r = u + 35. Calculate the greatest common divisor of r and 152.
19
Let m = 206 - 203. Let c be m/2*(-72)/(-27) + 21. Suppose 10*t = 5*t + 250. What is the highest common divisor of c and t?
25
Suppose y + 0*y + 5 = 0. Let b = y + 49. Suppose 3*m - 2*o = b, -m + 40 = m - 4*o. Calculate the greatest common divisor of m and 12.
12
Let z = -268 + 192. Let y = -41 - z. What is the highest common divisor of 385 and y?
35
Suppose -62*b + 4471296 = -16*b + 96*b. Calculate the greatest common factor of 32 and b.
32
Let z be 724/8 + 14/((-112)/4). Calculate the highest common divisor of z and 2304.
18
Suppose 7*y - 5*y = y. Suppose y = -5*q - 0*q - 805. Let b = q + 231. Calculate the highest common divisor of 10 and b.
10
Let d be (-15)/((-79)/105 - 52/(-78)). Suppose -4*g = 3*x - 116, x + 3*g = -4*x + d. What is the highest common divisor of x and 192?
32
Suppose 2*i + 64 = v + 249, 3*v - 2*i = -539. Let q = v - -190. What is the highest common divisor of q and 572?
13
Suppose -3*b + 53 = -4*a, -2*a = -6*b + 11*b - 71. Let p be 5/(5/57) + (10 - b). What is the greatest common divisor of 8 and p?
4
Let h be (7 - 4)*-12*(3 - 0). Let l be (-6)/h*3*9*2. Calculate the greatest common factor of 6 and l.
3
Let k be (84/(-70))/((-3)/670). Suppose -k + 1239 = 3*r + 2*s, -964 = -3*r + 5*s. Let t = -147 + r. Calculate the greatest common divisor of t and 16.
16
Let q = 335 - 207. Suppose -15*c + 24*c = 153. Let g(h) = h**3 - 18*h**2 + 19*h - 2. Let s be g(c). Calculate the greatest common divisor of q and s.
32
Let s be 5/(-2) - (-2275)/(-14). Let x be (-1 - (-7)/5) + (-1254)/s. Calculate the highest common divisor of 216 and x.
8
Let l = 720 + -705. Suppose -2*c - 255 = -3*c. Calculate the greatest common divisor of c and l.
15
Let q(t) = t**3 - 15*t**2 + 31*t + 10. Let j be q(13). Let x be 3/(-6)*(-9)/6*20. What is the highest common divisor of x and j?
15
Let s be (0 - (-2349)/(-18))/((-1)/2). Let a = 274 - s. Let x(b) = -b**3 + 7*b**2 - b - 4. Let d be x(6). Calculate the greatest common factor of d and a.
13
Let x be (24/39 + 2)/(24/156). Let m be ((-867)/(-4))/((-1)/(-4)). Calculate the greatest common divisor of x and m.
17
Let a = -268 + 392. Let q be (8 - 2)/((-8)/(-124)). Calculate the highest common factor of q and a.
31
Let v be (11/(330/100))/((-2)/66). Let s be 10/(-4)*396/v. Calculate the highest common divisor of s and 18.
9
Suppose 0 = -7*l - 26 + 5. Let v be (-4 - -8) + (l - -135). Let m = -24 + v. What is the greatest common divisor of m and 16?
16
Suppose -c - 8*c = -126. Suppose u + 22 = c. Let v be (u/(-4) - -8)*(-3)/(-6). What is the highest common divisor of 45 and v?
5
Suppose 5*h - 37 = 4*f, f + 3*f + 2*h = -2. Let z be ((-291)/(-9))/((-1)/f) - -2. Calculate the greatest common divisor of 22 and z.
11
Suppose -3*b - 3 = 3*t, -3*t - b - 4 = -1. Let d be t - (-5 + -1)/((-3)/(-50)). Calculate the greatest common divisor of d and 22.
11
Let b(m) = 2*m**3 + 3*m**2 - 223*m + 35. Let n be b(10). Calculate the highest common divisor of n and 273.
21
Let v be 2/(-16) + 11037/104 + 8. What is the highest common factor of v and 95?
19
Suppose -3*s + 5 - 23 = -j, -4*j = 3*s - 102. Calculate the highest common divisor of j and 32.
8
Suppose 0 = -40*x + 1320 + 600. Calculate the highest common factor of 183 and x.
3
Let m(a) = -1433*a**3 + 22*a**2 + 23*a. Let q be m(-1). What is the greatest common factor of 24 and q?
8
Let t(m) = -2*m**3 + 2*m**2 - 1. Let f be t(-1). Suppose 90 = 17*n - 15*n. Suppose -10*x - 5*x + n = 0. Calculate the greatest common factor of x and f.
3
Let n be (-2)/(-5) + 110011/685. Calculate the greatest common divisor of 77 and n.
7
Let d(s) = 80*s - 6. Let q be d(-1). Let m = -94 - q. Let p be -6*(-1)/m - (-54)/8. Calculate the highest common factor of p and 21.
3
Suppose 26 = -4*m + 302. Suppose 74 = 3*n - 2*f, -3*f + m = 3*n - 0*n. Calculate the highest common factor of n and 96.
24
Let d = -10636 + 10768. Calculate the greatest common divisor of 143 and d.
11
Let k = 8070 - 8053. Calculate the highest common divisor of 23 and k.
1
Let f be 2/(-4) - 28/((-896)/1552). Let p be (0 + 0)/(-3 + 1). Suppose p = -w - w + 24. What is the greatest common divisor of f and w?
12
Let u = 5340 - 5310. Calculate the greatest common divisor of u and 380.
10
Let t = 635 + -180. Let g = -408 + t. What is the greatest common factor of g and 329?
47
Suppose 184*a - 161*a + 17434 = 0. Let k = a + 824. Suppose 7*x - 4*h = 4*x + 10, -4*h = -5*x + 22. What is the highest common divisor of x and k?
6
Let v be (13 + (-6838)/130)/(6/(-40)). Calculate the highest common factor of 1749 and v.
33
Let n(z) = -z**2 + 3*z + 4. Let f be n(-1). Suppose f = 10*q - 41 + 11. Let i be ((-6)/4)/((-5)/80). What is the greatest common factor of q and i?
3
Suppose -35*b = -135*b + 2400. What is the highest common divisor of 212 and b?
4
Suppose 0 = -22*g + 87*g - 18135. Let l = g - 243. Let a(f) = -f**3 - 8*f**2 - 9*f + 10. Let i be a(-7). What is the highest common divisor of l and i?
12
Suppose 7 = s + y, 0 = -3*s + 5*y + 47 - 50. What is the greatest common divisor of s and 278?
2
Let a(u) = 35*u**2 - 6*u - 48. Let c be a(-6). Suppose 10*z + c = 23*z. What is the greatest common divisor of 12 and z?
12
Let o = 7636 - 7624. Suppose 2*f + 748 = 4*f. Let q = 578 - f. Calculate the highest common divisor of q and o.
12
Suppose 6*q + 25 = 133. Suppose -15*s - q = -24*s. Calculate the highest common factor of 76 and s.
2
Let h be 1477 + -1 - 70/(-112)*8. Calculate the highest common divisor of 1 and h.
1
Let k = 881 + -342. Suppose 2*d + 4 = 14, -137 = -3*o + 456*d - 454*d. What is the highest common factor of o and k?
49
Suppose -a = -i - 39 - 20, 2*a + 4*i = 148. Suppose -8*d + 3*d = 1740. Let n be d/(-22) + (-2)/(-11). Calculate the highest common divisor of a and n.
16
Let p be (-1408)/(-6) - 2/3. Suppose -67*q + 6058 = 69*q + 97*q. Calculate the greatest common divisor of p and q.
26
Suppose 9*n + 1148 = 23*n. Let l = n + -24. Let j(y) = y**3 - 11*y**2 + 14*y - 11. Let x be j(10). What is the highest common divisor of x and l?
29
Let p be 18 - (-2 - (-2)/2*-7). Let l(m) = -m - 15. Let s be l(-14). Let h be 1*((-6)/(-3) - s). What is the highest common divisor of p and h?
3
Suppose 2158 - 36 = 18*a + 106. What is the greatest common divisor of 616 and a?
56
Suppose 0 = 4*a + 45*b - 40*b - 310, -3*a + b = -242. What is the greatest common factor of a and 110?
10
Suppose -4*z = 3*j + 20, 3*j + z - 6*z - 25 = 0. Suppose j = 6*w - 47 - 49. Suppose 16 + w = 4*x. Calculate the greatest common factor of x and 88.
8
Let g = 285 + -479. Let z = -146 - g. Calculate the highest common factor of z and 6.
6
Suppose 2*r = -0*r. Let f be (3 - r)*(58 + -3). Let h = -83708 - -83723. What is the highest common factor of h and f?
15
Suppose -497*g = -501*g - 20. Let x be (-8)/(160/(-15))*(g + 977). What is the highest common divisor of 27 and x?
27
Let p be 57292/6 - (-390)/90. What is the greatest common factor of p and 932?
233
Let s(f) = -2*f - 21 - 35*f**3 - 5*f + 34*f**3 - 28*f**2. Let y be s(-28). What is the greatest common factor of 25 and y?
25
Let m(j) be the second derivative of 9*j**5/20 + j**4/12 - 4*j**3/3 + 19*j**2/2 + 54*j - 2. Let x be m(3). What is the greatest common divisor of x and 26?
13
Let j = -505 - -508. Suppose -j*t + 4283 = -4*z, -23*t = -20*t - 3*z - 4278. What is the highest common divisor of t and 29?
29
Let o(a) = -99*a + 29. L